{"id":75,"date":"2026-03-03T23:19:35","date_gmt":"2026-03-03T22:19:35","guid":{"rendered":"https:\/\/restaurant-gilgenberg.ch\/?page_id=75"},"modified":"2026-03-04T00:29:10","modified_gmt":"2026-03-03T23:29:10","slug":"impressum","status":"publish","type":"page","link":"https:\/\/restaurant-gilgenberg.ch\/index.php\/impressum\/","title":{"rendered":"Impressum"},"content":{"rendered":"\n<p><\/p>\n\n\n\n<p><strong>Betreiber der Website<\/strong>:<br><strong>Restaurant Gilgenberg<\/strong>, Hauptstrasse 47, 4234 Zullwil<\/p>\n\n\n\n<p><strong>Kontakt<\/strong> <br>E-Mail:&nbsp;<a href=\"mailto:info@restaurant-gilgenberg.ch\">info@restaurant-gilgenberg.ch<\/a><br>Telefon:&nbsp;<a href=\"tel:+41 61 793 03 10\">+41 61 793 03 10<\/a><br>Website:&nbsp;<a href=\"https:\/\/restaurant-gilgenberg.ch\/\">https:\/\/restaurant-gilgenberg.ch<\/a><\/p>\n\n\n\n<p><strong>Verantwortlich f\u00fcr den Inhalt:<\/strong><br>Restaurant Gilgenberg<\/p>\n\n\n\n\n\n\n\n\n\n\n\n<h3 class=\"wp-block-heading\"><strong>Haftungsausschluss<\/strong><\/h3>\n\n\n\n<p>Alle Inhalte dieser Website wurden mit gr\u00f6sster Sorgfalt erstellt. F\u00fcr die Richtigkeit, Vollst\u00e4ndigkeit und Aktualit\u00e4t der Inhalte \u00fcbernehmen wir jedoch keine Gew\u00e4hr.<\/p>\n\n\n\n<p>Trotz sorgf\u00e4ltiger Kontrolle \u00fcbernehmen wir keine Haftung f\u00fcr Inhalte externer Links. F\u00fcr den Inhalt der verlinkten Seiten sind ausschliesslich deren Betreiber verantwortlich.<\/p>\n\n\n\n<h3 class=\"wp-block-heading\"><strong>Urheberrecht<\/strong><\/h3>\n\n\n\n<p>Die auf dieser Website ver\u00f6ffentlichten Inhalte, Bilder, Fotos, Videos und Dateien unterliegen dem Urheberrecht. Jede Verwendung, Vervielf\u00e4ltigung oder Verbreitung bedarf der schriftlichen Zustimmung des Rechteinhabers.<\/p>\n\n\n\n<p><\/p>\n","protected":false},"excerpt":{"rendered":"<p>Betreiber der Website:Restaurant Gilgenberg, Hauptstrasse 47, 4234 Zullwil Kontakt E-Mail:&nbsp;info@restaurant-gilgenberg.chTelefon:&nbsp;+41 61 793 03 10Website:&nbsp;https:\/\/restaurant-gilgenberg.ch Verantwortlich f\u00fcr den Inhalt:Restaurant Gilgenberg Haftungsausschluss Alle Inhalte dieser Website wurden mit gr\u00f6sster Sorgfalt erstellt. F\u00fcr die Richtigkeit, Vollst\u00e4ndigkeit und Aktualit\u00e4t der Inhalte \u00fcbernehmen wir jedoch keine Gew\u00e4hr. Trotz sorgf\u00e4ltiger Kontrolle \u00fcbernehmen wir keine Haftung f\u00fcr Inhalte externer Links. F\u00fcr den [&hellip;]<\/p>\n","protected":false},"author":2,"featured_media":0,"parent":0,"menu_order":0,"comment_status":"closed","ping_status":"closed","template":"","meta":{"footnotes":""},"class_list":["post-75","page","type-page","status-publish","hentry"],"_links":{"self":[{"href":"https:\/\/restaurant-gilgenberg.ch\/index.php\/wp-json\/wp\/v2\/pages\/75","targetHints":{"allow":["GET"]}}],"collection":[{"href":"https:\/\/restaurant-gilgenberg.ch\/index.php\/wp-json\/wp\/v2\/pages"}],"about":[{"href":"https:\/\/restaurant-gilgenberg.ch\/index.php\/wp-json\/wp\/v2\/types\/page"}],"author":[{"embeddable":true,"href":"https:\/\/restaurant-gilgenberg.ch\/index.php\/wp-json\/wp\/v2\/users\/2"}],"replies":[{"embeddable":true,"href":"https:\/\/restaurant-gilgenberg.ch\/index.php\/wp-json\/wp\/v2\/comments?post=75"}],"version-history":[{"count":9,"href":"https:\/\/restaurant-gilgenberg.ch\/index.php\/wp-json\/wp\/v2\/pages\/75\/revisions"}],"predecessor-version":[{"id":434,"href":"https:\/\/restaurant-gilgenberg.ch\/index.php\/wp-json\/wp\/v2\/pages\/75\/revisions\/434"}],"wp:attachment":[{"href":"https:\/\/restaurant-gilgenberg.ch\/index.php\/wp-json\/wp\/v2\/media?parent=75"}],"curies":[{"name":"wp","href":"https:\/\/api.w.org\/{rel}","templated":true}]}}