{"id":66,"date":"2026-02-23T21:50:18","date_gmt":"2026-02-23T20:50:18","guid":{"rendered":"https:\/\/restaurant-gilgenberg.ch\/?page_id=66"},"modified":"2026-03-23T23:05:50","modified_gmt":"2026-03-23T22:05:50","slug":"unser-angebot","status":"publish","type":"page","link":"https:\/\/restaurant-gilgenberg.ch\/index.php\/unser-angebot\/","title":{"rendered":"Unser Angebot"},"content":{"rendered":"\n<div class=\"wp-block-group alignfull has-global-padding is-layout-constrained wp-container-core-group-is-layout-2bab2d3c wp-block-group-is-layout-constrained\" style=\"padding-top:var(--wp--preset--spacing--80);padding-bottom:var(--wp--preset--spacing--80)\">\n<div class=\"wp-block-group has-global-padding is-layout-constrained wp-container-core-group-is-layout-6139dd48 wp-block-group-is-layout-constrained\">\n<div class=\"wp-block-group is-content-justification-center is-nowrap is-layout-flex wp-container-core-group-is-layout-cf9dce37 wp-block-group-is-layout-flex\">\n<hr class=\"wp-block-separator has-text-color has-primary-color has-alpha-channel-opacity has-primary-background-color has-background wp-container-content-d613cd94\"\/>\n\n\n\n<h6 class=\"wp-block-heading has-text-align-left has-secondary-color has-text-color\" style=\"font-style:normal;font-weight:400;letter-spacing:1px;text-transform:uppercase\">Restaurant gilgenberg<\/h6>\n\n\n\n<hr class=\"wp-block-separator has-text-color has-primary-color has-alpha-channel-opacity has-primary-background-color has-background wp-container-content-d613cd94\"\/>\n<\/div>\n\n\n\n<h2 class=\"wp-block-heading has-text-align-center\">K\u00fcche f\u00fcr Herz und Seele<\/h2>\n<\/div>\n\n\n\n<div class=\"wp-block-columns alignwide are-vertically-aligned-top is-layout-flex wp-container-core-columns-is-layout-28f84493 wp-block-columns-is-layout-flex\">\n<div class=\"wp-block-column is-vertically-aligned-top has-global-padding is-layout-constrained wp-block-column-is-layout-constrained\">\n<div class=\"wp-block-group has-global-padding is-layout-constrained wp-container-core-group-is-layout-e0082cf6 wp-block-group-is-layout-constrained\">\n<div class=\"wp-block-group is-content-justification-space-between is-nowrap is-layout-flex wp-container-core-group-is-layout-8e741f65 wp-block-group-is-layout-flex\" style=\"border-bottom-color:var(--wp--preset--color--tertiary);border-bottom-style:dashed;border-bottom-width:1px;padding-bottom:var(--wp--preset--spacing--20)\">\n<div class=\"wp-block-group has-global-padding is-layout-constrained wp-container-core-group-is-layout-e555385e wp-block-group-is-layout-constrained\">\n<h5 class=\"wp-block-heading\">Frische Salate<\/h5>\n<\/div>\n\n\n\n<p class=\"has-small-font-size\" style=\"font-style:normal;font-weight:600\"><\/p>\n<\/div>\n\n\n\n<div class=\"wp-block-group is-content-justification-space-between is-nowrap is-layout-flex wp-container-core-group-is-layout-8e741f65 wp-block-group-is-layout-flex\" style=\"border-bottom-color:var(--wp--preset--color--tertiary);border-bottom-style:dashed;border-bottom-width:1px;padding-bottom:var(--wp--preset--spacing--20)\">\n<div class=\"wp-block-group has-global-padding is-layout-constrained wp-container-core-group-is-layout-e555385e wp-block-group-is-layout-constrained\">\n<h5 class=\"wp-block-heading\"><\/h5>\n<\/div>\n\n\n\n<p class=\"has-small-font-size\" style=\"font-style:normal;font-weight:600\"><\/p>\n<\/div>\n\n\n\n<div class=\"wp-block-group is-content-justification-space-between is-nowrap is-layout-flex wp-container-core-group-is-layout-8e741f65 wp-block-group-is-layout-flex\" style=\"border-bottom-color:var(--wp--preset--color--tertiary);border-bottom-style:dashed;border-bottom-width:1px;padding-bottom:var(--wp--preset--spacing--20)\">\n<div class=\"wp-block-group has-global-padding is-layout-constrained wp-container-core-group-is-layout-e555385e wp-block-group-is-layout-constrained\">\n<h5 class=\"wp-block-heading\">Feine Sandwiches zum Zn\u00fcni<\/h5>\n<\/div>\n\n\n\n<p class=\"has-small-font-size\" style=\"font-style:normal;font-weight:600\"><\/p>\n<\/div>\n\n\n\n<div class=\"wp-block-group is-content-justification-space-between is-nowrap is-layout-flex wp-container-core-group-is-layout-8e741f65 wp-block-group-is-layout-flex\" style=\"border-bottom-color:var(--wp--preset--color--tertiary);border-bottom-style:dashed;border-bottom-width:1px;padding-bottom:var(--wp--preset--spacing--20)\">\n<div class=\"wp-block-group has-global-padding is-layout-constrained wp-container-core-group-is-layout-e555385e wp-block-group-is-layout-constrained\">\n<h5 class=\"wp-block-heading\"><\/h5>\n\n\n\n<p><\/p>\n<\/div>\n\n\n\n<p class=\"has-small-font-size\" style=\"font-style:normal;font-weight:600\"><\/p>\n<\/div>\n\n\n\n<div class=\"wp-block-group is-content-justification-space-between is-nowrap is-layout-flex wp-container-core-group-is-layout-8e741f65 wp-block-group-is-layout-flex\" style=\"border-bottom-color:var(--wp--preset--color--tertiary);border-bottom-style:dashed;border-bottom-width:1px;padding-bottom:var(--wp--preset--spacing--20)\">\n<div class=\"wp-block-group has-global-padding is-layout-constrained wp-container-core-group-is-layout-e555385e wp-block-group-is-layout-constrained\">\n<h5 class=\"wp-block-heading\">Gebratene Black Tiger mit Kr\u00e4uterbrot<\/h5>\n<\/div>\n\n\n\n<p class=\"has-small-font-size\" style=\"font-style:normal;font-weight:600\"><\/p>\n<\/div>\n\n\n\n<div class=\"wp-block-group is-content-justification-space-between is-nowrap is-layout-flex wp-container-core-group-is-layout-8e741f65 wp-block-group-is-layout-flex\" style=\"padding-bottom:var(--wp--preset--spacing--20)\">\n<div class=\"wp-block-group has-global-padding is-layout-constrained wp-container-core-group-is-layout-e555385e wp-block-group-is-layout-constrained\">\n<p><\/p>\n<\/div>\n\n\n\n<p class=\"has-small-font-size\" style=\"font-style:normal;font-weight:600\"><\/p>\n<\/div>\n<\/div>\n<\/div>\n\n\n\n<div class=\"wp-block-column is-vertically-aligned-top is-layout-flow wp-block-column-is-layout-flow\">\n<figure class=\"wp-block-image aligncenter size-full is-resized\"><img loading=\"lazy\" decoding=\"async\" width=\"1707\" height=\"2560\" src=\"https:\/\/restaurant-gilgenberg.ch\/wp-content\/uploads\/2026\/02\/Gilgenberg-43-scaled.jpg\" alt=\"\" class=\"wp-image-384\" style=\"width:auto;height:380px\" srcset=\"https:\/\/restaurant-gilgenberg.ch\/wp-content\/uploads\/2026\/02\/Gilgenberg-43-scaled.jpg 1707w, https:\/\/restaurant-gilgenberg.ch\/wp-content\/uploads\/2026\/02\/Gilgenberg-43-200x300.jpg 200w, https:\/\/restaurant-gilgenberg.ch\/wp-content\/uploads\/2026\/02\/Gilgenberg-43-683x1024.jpg 683w, https:\/\/restaurant-gilgenberg.ch\/wp-content\/uploads\/2026\/02\/Gilgenberg-43-768x1152.jpg 768w, https:\/\/restaurant-gilgenberg.ch\/wp-content\/uploads\/2026\/02\/Gilgenberg-43-1024x1536.jpg 1024w, https:\/\/restaurant-gilgenberg.ch\/wp-content\/uploads\/2026\/02\/Gilgenberg-43-1366x2048.jpg 1366w\" sizes=\"auto, (max-width: 1707px) 100vw, 1707px\" \/><\/figure>\n\n\n\n<p class=\"has-text-align-center\">Hier finden Sie unsere Speisekarte<\/p>\n\n\n\n<div class=\"wp-block-buttons is-content-justification-center is-layout-flex wp-container-core-buttons-is-layout-a89b3969 wp-block-buttons-is-layout-flex\">\n<div class=\"wp-block-button is-style-fill\"><a class=\"wp-block-button__link wp-element-button\" href=\"https:\/\/restaurant-gilgenberg.ch\/wp-content\/uploads\/2026\/02\/2026-02-23_Karte_Restaurant_Gilgenberg.pdf\" target=\"_blank\" rel=\"noreferrer noopener\">Getr\u00e4nke- und Speisekarte<\/a><\/div>\n<\/div>\n<\/div>\n\n\n\n<div class=\"wp-block-column is-vertically-aligned-top has-global-padding is-layout-constrained wp-block-column-is-layout-constrained\">\n<div class=\"wp-block-group has-global-padding is-layout-constrained wp-container-core-group-is-layout-e0082cf6 wp-block-group-is-layout-constrained\">\n<div class=\"wp-block-group is-content-justification-space-between is-nowrap is-layout-flex wp-container-core-group-is-layout-8e741f65 wp-block-group-is-layout-flex\" style=\"border-bottom-color:var(--wp--preset--color--tertiary);border-bottom-style:dashed;border-bottom-width:1px;padding-bottom:var(--wp--preset--spacing--20)\">\n<div class=\"wp-block-group has-global-padding is-layout-constrained wp-container-core-group-is-layout-e555385e wp-block-group-is-layout-constrained\">\n<h5 class=\"wp-block-heading\"><\/h5>\n<\/div>\n\n\n\n<p class=\"has-small-font-size\" style=\"font-style:normal;font-weight:600\"><\/p>\n<\/div>\n\n\n\n<div class=\"wp-block-group is-content-justification-space-between is-nowrap is-layout-flex wp-container-core-group-is-layout-8e741f65 wp-block-group-is-layout-flex\" style=\"border-bottom-color:var(--wp--preset--color--tertiary);border-bottom-style:dashed;border-bottom-width:1px;padding-bottom:var(--wp--preset--spacing--20)\">\n<div class=\"wp-block-group has-global-padding is-layout-constrained wp-container-core-group-is-layout-e555385e wp-block-group-is-layout-constrained\">\n<h5 class=\"wp-block-heading\">Hausgemachte Fonds und Saucen<\/h5>\n<\/div>\n\n\n\n<p class=\"has-small-font-size\" style=\"font-style:normal;font-weight:600\"><\/p>\n<\/div>\n\n\n\n<div class=\"wp-block-group is-content-justification-space-between is-nowrap is-layout-flex wp-container-core-group-is-layout-8e741f65 wp-block-group-is-layout-flex\" style=\"border-bottom-color:var(--wp--preset--color--tertiary);border-bottom-style:dashed;border-bottom-width:1px;padding-bottom:var(--wp--preset--spacing--20)\">\n<div class=\"wp-block-group has-global-padding is-layout-constrained wp-container-core-group-is-layout-e555385e wp-block-group-is-layout-constrained\">\n<h5 class=\"wp-block-heading\"><\/h5>\n<\/div>\n\n\n\n<p class=\"has-small-font-size\" style=\"font-style:normal;font-weight:600\"><\/p>\n<\/div>\n\n\n\n<div class=\"wp-block-group is-content-justification-space-between is-nowrap is-layout-flex wp-container-core-group-is-layout-8e741f65 wp-block-group-is-layout-flex\" style=\"border-bottom-color:var(--wp--preset--color--tertiary);border-bottom-style:dashed;border-bottom-width:1px;padding-bottom:var(--wp--preset--spacing--20)\">\n<div class=\"wp-block-group has-global-padding is-layout-constrained wp-container-core-group-is-layout-e555385e wp-block-group-is-layout-constrained\">\n<h5 class=\"wp-block-heading\">Haus-Wurst von der Metzgerei Schmidlin<\/h5>\n<\/div>\n\n\n\n<p class=\"has-small-font-size\" style=\"font-style:normal;font-weight:600\"><\/p>\n<\/div>\n\n\n\n<div class=\"wp-block-group is-content-justification-space-between is-nowrap is-layout-flex wp-container-core-group-is-layout-8e741f65 wp-block-group-is-layout-flex\" style=\"border-bottom-color:var(--wp--preset--color--tertiary);border-bottom-style:dashed;border-bottom-width:1px;padding-bottom:var(--wp--preset--spacing--20)\">\n<div class=\"wp-block-group has-global-padding is-layout-constrained wp-container-core-group-is-layout-e555385e wp-block-group-is-layout-constrained\">\n<h5 class=\"wp-block-heading\"><\/h5>\n<\/div>\n\n\n\n<p class=\"has-small-font-size\" style=\"font-style:normal;font-weight:600\"><\/p>\n<\/div>\n\n\n\n<div class=\"wp-block-group is-content-justification-space-between is-nowrap is-layout-flex wp-container-core-group-is-layout-8e741f65 wp-block-group-is-layout-flex\" style=\"padding-bottom:var(--wp--preset--spacing--20)\">\n<div class=\"wp-block-group has-global-padding is-layout-constrained wp-container-core-group-is-layout-e555385e wp-block-group-is-layout-constrained\">\n<h5 class=\"wp-block-heading\">Cordon Bleu &#8222;Gilgenberg&#8220;<\/h5>\n<\/div>\n\n\n\n<p class=\"has-small-font-size\" style=\"font-style:normal;font-weight:600\"><\/p>\n<\/div>\n<\/div>\n<\/div>\n<\/div>\n<\/div>\n\n\n\n<h2 class=\"wp-block-heading\">Unsere Partner<\/h2>\n\n\n\n<div class=\"wp-block-group alignfull has-global-padding is-layout-constrained wp-block-group-is-layout-constrained\" style=\"padding-top:var(--wp--preset--spacing--80);padding-bottom:var(--wp--preset--spacing--80)\">\n<div class=\"wp-block-columns alignwide are-vertically-aligned-top is-layout-flex wp-container-core-columns-is-layout-87beb0d0 wp-block-columns-is-layout-flex\">\n<div class=\"wp-block-column is-vertically-aligned-top has-global-padding is-layout-constrained wp-block-column-is-layout-constrained\">\n<div class=\"wp-block-group has-global-padding is-layout-constrained wp-container-core-group-is-layout-e0082cf6 wp-block-group-is-layout-constrained\">\n<div class=\"wp-block-group is-content-justification-space-between is-nowrap is-layout-flex wp-container-core-group-is-layout-8e741f65 wp-block-group-is-layout-flex\" style=\"border-bottom-color:var(--wp--preset--color--tertiary);border-bottom-style:dashed;border-bottom-width:1px;padding-bottom:var(--wp--preset--spacing--20)\">\n<div class=\"wp-block-group has-global-padding is-layout-constrained wp-container-core-group-is-layout-e555385e wp-block-group-is-layout-constrained\">\n<h5 class=\"wp-block-heading\">Metzgerei Schmidlin, Wahlen<\/h5>\n<\/div>\n\n\n\n<p class=\"has-small-font-size\" style=\"font-style:normal;font-weight:600\"><\/p>\n<\/div>\n\n\n\n<div class=\"wp-block-group is-content-justification-space-between is-nowrap is-layout-flex wp-container-core-group-is-layout-8e741f65 wp-block-group-is-layout-flex\" style=\"border-bottom-color:var(--wp--preset--color--tertiary);border-bottom-style:dashed;border-bottom-width:1px;padding-bottom:var(--wp--preset--spacing--20)\">\n<div class=\"wp-block-group has-global-padding is-layout-constrained wp-container-core-group-is-layout-e555385e wp-block-group-is-layout-constrained\">\n<h5 class=\"wp-block-heading\">Saviva Food Solutions<\/h5>\n<\/div>\n\n\n\n<p class=\"has-small-font-size\" style=\"font-style:normal;font-weight:600\"><\/p>\n<\/div>\n\n\n\n<div class=\"wp-block-group is-content-justification-space-between is-nowrap is-layout-flex wp-container-core-group-is-layout-8e741f65 wp-block-group-is-layout-flex\" style=\"border-bottom-color:var(--wp--preset--color--tertiary);border-bottom-style:dashed;border-bottom-width:1px;padding-bottom:var(--wp--preset--spacing--20)\">\n<div class=\"wp-block-group has-global-padding is-layout-constrained wp-container-core-group-is-layout-e555385e wp-block-group-is-layout-constrained\">\n<h5 class=\"wp-block-heading\">Bianchi AG, Z\u00fcrich<\/h5>\n<\/div>\n\n\n\n<p class=\"has-small-font-size\" style=\"font-style:normal;font-weight:600\"><\/p>\n<\/div>\n\n\n\n<div class=\"wp-block-group is-content-justification-space-between is-nowrap is-layout-flex wp-container-core-group-is-layout-8e741f65 wp-block-group-is-layout-flex\" style=\"border-bottom-color:var(--wp--preset--color--tertiary);border-bottom-style:dashed;border-bottom-width:1px;padding-bottom:var(--wp--preset--spacing--20)\">\n<div class=\"wp-block-group has-global-padding is-layout-constrained wp-container-core-group-is-layout-e555385e wp-block-group-is-layout-constrained\">\n<h5 class=\"wp-block-heading\">Hof Familie Straumann, Fehren<\/h5>\n<\/div>\n\n\n\n<p class=\"has-small-font-size\" style=\"font-style:normal;font-weight:600\"><\/p>\n<\/div>\n<\/div>\n<\/div>\n\n\n\n<div class=\"wp-block-column is-vertically-aligned-top has-global-padding is-layout-constrained wp-block-column-is-layout-constrained\">\n<div class=\"wp-block-group has-global-padding is-layout-constrained wp-container-core-group-is-layout-e0082cf6 wp-block-group-is-layout-constrained\">\n<div class=\"wp-block-group is-content-justification-space-between is-nowrap is-layout-flex wp-container-core-group-is-layout-8e741f65 wp-block-group-is-layout-flex\" style=\"border-bottom-color:var(--wp--preset--color--tertiary);border-bottom-style:dashed;border-bottom-width:1px;padding-bottom:var(--wp--preset--spacing--20)\">\n<div class=\"wp-block-group has-global-padding is-layout-constrained wp-container-core-group-is-layout-e555385e wp-block-group-is-layout-constrained\">\n<h5 class=\"wp-block-heading\">Pelluch GmbH, Allschwil<\/h5>\n<\/div>\n\n\n\n<p class=\"has-small-font-size\" style=\"font-style:normal;font-weight:600\"><\/p>\n<\/div>\n\n\n\n<div class=\"wp-block-group is-content-justification-space-between is-nowrap is-layout-flex wp-container-core-group-is-layout-8e741f65 wp-block-group-is-layout-flex\" style=\"border-bottom-color:var(--wp--preset--color--tertiary);border-bottom-style:dashed;border-bottom-width:1px;padding-bottom:var(--wp--preset--spacing--20)\">\n<div class=\"wp-block-group has-global-padding is-layout-constrained wp-container-core-group-is-layout-e555385e wp-block-group-is-layout-constrained\">\n<h5 class=\"wp-block-heading\">TJ Carving, Meltingen<\/h5>\n<\/div>\n\n\n\n<p class=\"has-small-font-size\" style=\"font-style:normal;font-weight:600\"><\/p>\n<\/div>\n\n\n\n<div class=\"wp-block-group is-content-justification-space-between is-nowrap is-layout-flex wp-container-core-group-is-layout-8e741f65 wp-block-group-is-layout-flex\" style=\"border-bottom-color:var(--wp--preset--color--tertiary);border-bottom-style:dashed;border-bottom-width:1px;padding-bottom:var(--wp--preset--spacing--20)\">\n<div class=\"wp-block-group has-global-padding is-layout-constrained wp-container-core-group-is-layout-e555385e wp-block-group-is-layout-constrained\">\n<h5 class=\"wp-block-heading\">Feldschl\u00f6sschen AG, Rheinfelden<\/h5>\n<\/div>\n\n\n\n<p class=\"has-small-font-size\" style=\"font-style:normal;font-weight:600\"><\/p>\n<\/div>\n\n\n\n<div class=\"wp-block-group is-content-justification-space-between is-nowrap is-layout-flex wp-container-core-group-is-layout-8e741f65 wp-block-group-is-layout-flex\" style=\"border-bottom-color:var(--wp--preset--color--tertiary);border-bottom-style:dashed;border-bottom-width:1px;padding-bottom:var(--wp--preset--spacing--20)\">\n<div class=\"wp-block-group has-global-padding is-layout-constrained wp-container-core-group-is-layout-e555385e wp-block-group-is-layout-constrained\">\n<h5 class=\"wp-block-heading\">Siebedupf AG, Sissach<\/h5>\n<\/div>\n\n\n\n<p class=\"has-small-font-size\" style=\"font-style:normal;font-weight:600\"><\/p>\n<\/div>\n<\/div>\n<\/div>\n\n\n\n<div class=\"wp-block-column is-vertically-aligned-top has-global-padding is-layout-constrained wp-block-column-is-layout-constrained\">\n<div class=\"wp-block-group has-global-padding is-layout-constrained wp-container-core-group-is-layout-e0082cf6 wp-block-group-is-layout-constrained\">\n<div class=\"wp-block-group is-content-justification-space-between is-nowrap is-layout-flex wp-container-core-group-is-layout-8e741f65 wp-block-group-is-layout-flex\" style=\"border-bottom-color:var(--wp--preset--color--tertiary);border-bottom-style:dashed;border-bottom-width:1px;padding-bottom:var(--wp--preset--spacing--20)\">\n<div class=\"wp-block-group has-global-padding is-layout-constrained wp-container-core-group-is-layout-e555385e wp-block-group-is-layout-constrained\">\n<h5 class=\"wp-block-heading\">Froneri Schweiz S.A.<\/h5>\n<\/div>\n\n\n\n<p class=\"has-small-font-size\" style=\"font-style:normal;font-weight:600\"><\/p>\n<\/div>\n\n\n\n<div class=\"wp-block-group is-content-justification-space-between is-nowrap is-layout-flex wp-container-core-group-is-layout-8e741f65 wp-block-group-is-layout-flex\" style=\"border-bottom-color:var(--wp--preset--color--tertiary);border-bottom-style:dashed;border-bottom-width:1px;padding-bottom:var(--wp--preset--spacing--20)\">\n<div class=\"wp-block-group has-global-padding is-layout-constrained wp-container-core-group-is-layout-e555385e wp-block-group-is-layout-constrained\">\n<h5 class=\"wp-block-heading\">Zimmerei Roth, Wahlen<\/h5>\n<\/div>\n\n\n\n<p class=\"has-small-font-size\" style=\"font-style:normal;font-weight:600\"><\/p>\n<\/div>\n\n\n\n<div class=\"wp-block-group is-content-justification-space-between is-nowrap is-layout-flex wp-container-core-group-is-layout-8e741f65 wp-block-group-is-layout-flex\" style=\"border-bottom-color:var(--wp--preset--color--tertiary);border-bottom-style:dashed;border-bottom-width:1px;padding-bottom:var(--wp--preset--spacing--20)\">\n<div class=\"wp-block-group has-global-padding is-layout-constrained wp-container-core-group-is-layout-e555385e wp-block-group-is-layout-constrained\">\n<h5 class=\"wp-block-heading\">Heer AG, Reinach<\/h5>\n<\/div>\n\n\n\n<p class=\"has-small-font-size\" style=\"font-style:normal;font-weight:600\"><\/p>\n<\/div>\n\n\n\n<div class=\"wp-block-group is-content-justification-space-between is-nowrap is-layout-flex wp-container-core-group-is-layout-8e741f65 wp-block-group-is-layout-flex\" style=\"border-bottom-color:var(--wp--preset--color--tertiary);border-bottom-style:dashed;border-bottom-width:1px;padding-bottom:var(--wp--preset--spacing--20)\">\n<div class=\"wp-block-group has-global-padding is-layout-constrained wp-container-core-group-is-layout-e555385e wp-block-group-is-layout-constrained\">\n<h5 class=\"wp-block-heading\">Atavis Graf, Allschwil<\/h5>\n<\/div>\n\n\n\n<p class=\"has-small-font-size\" style=\"font-style:normal;font-weight:600\"><\/p>\n<\/div>\n<\/div>\n<\/div>\n<\/div>\n<\/div>\n\n\n\n<p><\/p>\n","protected":false},"excerpt":{"rendered":"<p>Restaurant gilgenberg K\u00fcche f\u00fcr Herz und Seele Frische Salate Feine Sandwiches zum Zn\u00fcni Gebratene Black Tiger mit Kr\u00e4uterbrot Hier finden Sie unsere Speisekarte Hausgemachte Fonds und Saucen Haus-Wurst von der Metzgerei Schmidlin Cordon Bleu &#8222;Gilgenberg&#8220; Unsere Partner Metzgerei Schmidlin, Wahlen Saviva Food Solutions Bianchi AG, Z\u00fcrich Hof Familie Straumann, Fehren Pelluch GmbH, Allschwil TJ Carving, [&hellip;]<\/p>\n","protected":false},"author":2,"featured_media":0,"parent":0,"menu_order":0,"comment_status":"closed","ping_status":"closed","template":"","meta":{"footnotes":""},"class_list":["post-66","page","type-page","status-publish","hentry"],"_links":{"self":[{"href":"https:\/\/restaurant-gilgenberg.ch\/index.php\/wp-json\/wp\/v2\/pages\/66","targetHints":{"allow":["GET"]}}],"collection":[{"href":"https:\/\/restaurant-gilgenberg.ch\/index.php\/wp-json\/wp\/v2\/pages"}],"about":[{"href":"https:\/\/restaurant-gilgenberg.ch\/index.php\/wp-json\/wp\/v2\/types\/page"}],"author":[{"embeddable":true,"href":"https:\/\/restaurant-gilgenberg.ch\/index.php\/wp-json\/wp\/v2\/users\/2"}],"replies":[{"embeddable":true,"href":"https:\/\/restaurant-gilgenberg.ch\/index.php\/wp-json\/wp\/v2\/comments?post=66"}],"version-history":[{"count":12,"href":"https:\/\/restaurant-gilgenberg.ch\/index.php\/wp-json\/wp\/v2\/pages\/66\/revisions"}],"predecessor-version":[{"id":461,"href":"https:\/\/restaurant-gilgenberg.ch\/index.php\/wp-json\/wp\/v2\/pages\/66\/revisions\/461"}],"wp:attachment":[{"href":"https:\/\/restaurant-gilgenberg.ch\/index.php\/wp-json\/wp\/v2\/media?parent=66"}],"curies":[{"name":"wp","href":"https:\/\/api.w.org\/{rel}","templated":true}]}}